/6*n**4 + 1/6*n**3. Let u(g) be the first derivative of b(g). Calculate u(-3).
-2
Let o be -4*(0 - 6/4). Suppose 2*y = -5*u - 11, -2*y - o = -3*u + y. Let a(q) = -8*q**3 + 2*q**2 - 1. Determine a(u).
9
Let r(v) = v**3 - 2*v**2 - v + 3. Let s be r(3). Let h(i) = i**2 - 8*i - 11. Let k be h(s). Let d(o) = 2*o**3 + 3*o**2 + o + 1. Give d(k).
-5
Let b(j) = -j**2 + j + 13. Let g(a) = -3*a**2 + 2*a + 27. Let x(m) = 5*b(m) - 2*g(m). Determine x(0).
11
Suppose 0 = 5*w + 4*c - 14, -2*w + 4 = -4*w - 4*c. Let f(l) = -w*l - l + 4 + 5*l. Suppose 0 = 6*o + 23 - 41. Determine f(o).
-2
Let v = 3 - 3. Let p be -5 - (v - (-9)/(-3)). Let t(d) = d**2 + 2*d - 2. What is t(p)?
-2
Let r be -22 + 17 + 1/(-1). Let y(a) = -a**2 - 9*a + 9. Let n(u) = -u**2 - 10*u + 10. Let t(l) = -4*n(l) + 5*y(l). What is t(r)?
-1
Let x(o) = 5*o**2 + 5*o + 11*o**3 - 16*o**3 - 3 + 6*o**3. Calculate x(-4).
-7
Let m(h) be the third derivative of -h**5/120 - h**4/24 + h**3/6 - 2*h**2. Let q(g) be the first derivative of m(g). Determine q(-5).
4
Let f(y) = -6*y**3 - y**2 - 10*y - 1. Let a be 4/6 - (-40)/(-6). Let l(b) = 7*b**3 + 11*b + 1. Let c(q) = a*f(q) - 5*l(q). Let t = 9 + -14. Calculate c(t).
1
Let m(s) = s**3 - 5*s**2 - 4*s + 7. Let n(u) = -u**3 + 5*u**2 + 5*u - 7. Let q(g) = -2*m(g) - 3*n(g). What is q(6)?
1
Suppose 3*i = -0*m - 3*m - 21, -m + 29 = -3*i. Let j(c) = c**3 + 9*c**2 - c - 10. Let k be j(i). Let t = 3 + k. Let u(h) = -2*h**2 + 2*h - 2. What is u(t)?
-6
Let a be 6/14 - 450/(-126). Let p(w) = w**3 - 6*w**2 + 5*w + 1. What is p(a)?
-11
Let s(t) = -2*t**2 - 2*t - 1. Suppose 7*f - 2*f = 10. Let q be 2*(-1)/f*-5. Suppose q*z + 5*y + 8 = -22, 0 = -2*z + y. What is s(z)?
-5
Suppose -15 = 4*n + 13. Let h(c) = -c**3 - 7*c**2 - c - 5. What is h(n)?
2
Let p(w) be the third derivative of 1/12*w**4 + 5*w**2 + 0 + 1/120*w**6 + 1/12*w**5 + 0*w - 1/3*w**3. What is p(-4)?
6
Let o(b) = b**2 + b + 1. Let g(v) = 3*v**2 + 6*v + 8. Let i(y) = -g(y) + 4*o(y). Let x = 38 - 41. Calculate i(x).
11
Suppose -40 = a - 6*a + 5*b, -5*b - 34 = -4*a. Let f(l) = 2*l - 3. Give f(a).
9
Let m(t) = 4*t + 5. Let d(h) = 5*h + 6. Suppose 10 = -2*l - 4. Let x(c) = l*m(c) + 6*d(c). Let v = -8 + 13. Calculate x(v).
11
Let o(x) = -x + 2. Let u be o(8). Let f(l) = l**2 + 7*l - 6. What is f(u)?
-12
Let w(t) = t + 1. Let j(d) = 10*d + 12. Let m(o) = -2*j(o) + 22*w(o). Determine m(6).
10
Let m(k) = -k**2 - 10*k - 7. Let y = 3 + -12. Give m(y).
2
Let f(k) = 3*k + 2 - 1 + 3*k. What is f(1)?
7
Let p(w) be the first derivative of 1/2*w**2 - 13/3*w**3 + w - 5. What is p(-1)?
-13
Let n = -1 + -2. Suppose 0 = 4*l - 2*f - 14 - 2, 4*f = -16. Let w(k) = 3*k**2 - 3*k**l + 4 + 3*k + k**2. Give w(n).
4
Let l(t) = -4*t + 0*t**2 - 1 + 3 - t**2. What is l(-5)?
-3
Let k(q) = -8 + 10*q + 3 - 2 - q**2. Determine k(8).
9
Let k(l) be the first derivative of l**4/4 + 2*l**3 + 3*l**2/2 - 3*l - 12. Determine k(-5).
7
Let m = 69 + -65. Let v(u) = -u**3 + 4*u**2 - u + 1. Give v(m).
-3
Let c(h) = 2 + 6 - 1 - 5 - 4*h. Determine c(-3).
14
Let y(w) = -w - 2. Let f be y(2). Let p(z) = z - 5. Let x be p(5). Let m(l) = l - 2*l + x + 1 - 6. Determine m(f).
-1
Let p(k) = -k**3 - 6*k**2 + 7*k - 4. Let j be (-87)/12 + 1/4. Determine p(j).
-4
Let q(c) = c**3 - 4*c**2 + 3*c + 3. Suppose -3*j + 0 = i - 10, -4*j + 11 = -i. What is q(j)?
3
Let s(m) = m**3 - 5*m**2 + 6*m - 1. Let u be s(4). Let i(c) = -c**3 + 6*c**2 + 6*c - 3. Calculate i(u).
-10
Let s = -8 - -10. Let h(x) = 3*x**3 - 12*x**2 + 3*x + 10. Let l(w) = -w**3 + 4*w**2 - w - 3. Let b(j) = 2*h(j) + 7*l(j). What is b(s)?
5
Let n(b) = 6*b - 3*b**3 + 2*b**3 - 2*b**2 - b**2 + 2. Suppose 60 = -6*k - 9*k. Calculate n(k).
-6
Let d(g) = -g**3 + 2*g**2 - g - 4. Let t(q) = -4*q**3 + 6*q**2 - 2*q - 12. Suppose -w - w + 4 = 0. Let j(y) = w*t(y) - 7*d(y). Determine j(-3).
4
Let z(u) = -u**2 - 6*u - 5. Suppose 5*o - 112 = 2*k, 0 = -4*k - k + 20. Let w be (-36)/10 - o/60. Give z(w).
3
Let n(g) be the third derivative of g**5/60 - g**4/6 - g**3 + 2*g**2. Calculate n(6).
6
Let k(d) = d**2 + 3*d - 1. Let p(i) = i**3 + 5*i**2 + i + 7. Let n be p(-5). Suppose 5*o - n*w + 24 = 0, 2*o - 4*w + 16 = -0*o. Determine k(o).
3
Let h(c) = -c**2 + 6*c + 9. Let f be h(7). Let o = 1 + -1. Let l(s) = o*s**2 - 4 - 9*s + s**3 + 4*s**f + 2*s. What is l(-5)?
6
Let w(q) = -4 + 2 + 1 + 3*q. Give w(4).
11
Let u = -9 - -5. Let t(x) be the third derivative of 0 + 1/15*x**5 + 2*x**2 + 0*x + 1/6*x**3 + 0*x**4 + 1/120*x**6. Determine t(u).
1
Let c(v) = -8*v - 1. Let b(l) = 15*l + 1. Let q(x) = 3*b(x) + 5*c(x). Let z(s) = -11*s + 5. Let p(n) = 9*q(n) + 4*z(n). Calculate p(-6).
-4
Let b = -115 - -110. Let p(r) = -r**2 - 2*r - 5. Calculate p(b).
-20
Suppose -5*m + 2*r = -3*m + 8, 2*m - r = -5. Let o(v) = -7*v**2 - 2*v - 1. Calculate o(m).
-6
Let q(l) be the second derivative of l**4/12 + l**3/6 + l**2 + 2*l. Suppose -2*c + 4*c = 4*y - 22, -2*y = -5*c - 15. Let f be (6/2 - 3)/c. Calculate q(f).
2
Let g be 31/5 - 3/15. Let o(l) = -l**3 + 6*l**2 + 3. Let w be o(g). Let h(n) = 5 - 2*n**w - 3*n**2 + 3*n**3 - 4*n + 1. Determine h(4).
6
Suppose n + 4 = -0. Let l(f) = 2*f + 2*f + 2 + 3 - 2*f. Determine l(n).
-3
Suppose 0 = 5*x - 0*x - 15. Let l(n) = -6*n**2 - 6 + 2 + 5*n**x - 4*n**3 + 6*n - 3. What is l(5)?
-2
Let p(j) be the first derivative of -j**4/4 + 5*j**3/3 + 7*j**2/2 - 4*j - 53. Give p(6).
2
Let x be ((-2)/3)/((-12)/90). Let b(h) = -h + 4. Give b(x).
-1
Let v(u) = -3*u + 9. Let h(b) = b - 1. Let f(g) = -4*h(g) - v(g). Let c = 2 - 8. What is f(c)?
1
Let f(y) = y - 4. Suppose l = -3*h + 10, 3*h = 2*l - h. Calculate f(l).
0
Let z(q) = 1046*q + 6 - 1044*q - 2. Let y(d) = -2*d**3 + 2*d**2 + 2. Let x be y(2). Give z(x).
-8
Suppose -4 = 3*m + m. Let j(a) = -7*a. Determine j(m).
7
Let h(c) = c**2 + 7*c + 2. Let m be h(-7). Let t(l) = -l**3 + 2*l**2 - 2*l + 3. Calculate t(m).
-1
Let u(k) = -k**3 + 5*k**2 - 3*k + 4. Suppose 4*d - 20 + 4 = 0. Determine u(d).
8
Let x(f) = f**3 + 5*f**2 - 4*f + 1. Let n(r) = -2*r**2 + 2. Let l be n(-2). Determine x(l).
-11
Let z(g) = 2*g - 3. Suppose 4*u + 18 = -k, 5 = k - 2*u - 1. Let l be (k + 4)*(-1 - -2). What is z(l)?
1
Let s(l) = -l**3 + 5*l**2 + 6*l - 7. Let f be -5 + 12 - (1 + 0). Calculate s(f).
-7
Let c(k) = -k**2 + 5*k + 9. Let h be (3/9)/(1/21). Let p be c(h). Let o(b) = b**2 + 5*b - 7. What is o(p)?
-7
Let y(j) = -4 - j - 4 - 4 - 3. Determine y(0).
-15
Let g(h) = h**3 - 4*h**2 + 3*h + 2. Suppose 2*l - 28 = -0. Let k be ((-16)/l)/((-2)/7). Calculate g(k).
14
Let n(p) = 5*p - 4*p - 2 - 2*p. Let b = -10 - -8. Determine n(b).
0
Let j(p) = p + 4. Let s be j(-8). Let x(r) = -9*r - 18. Let b(k) = 3*k + 6. Let t(v) = 11*b(v) + 4*x(v). Calculate t(s).
6
Let c(s) = 2*s**2 - 7*s + 1. Let o = 11 - 6. Give c(o).
16
Suppose -f = f - 4. Suppose 3*s = -f*s - 15. Let z(x) = -5*x + 2*x + 2*x + 2*x - 1. Give z(s).
-4
Let b be (-63)/(-42) - 6/4. Let x(h) = h**2 - h - 14. Calculate x(b).
-14
Let w(q) = -11*q**3 + 8*q**2 - 11*q. Let i(a) = -5*a**3 + 4*a**2 - 5*a. Let b(d) = -9*i(d) + 4*w(d). Suppose 2*p = 4*p - 6. Give b(p).
-6
Let r(m) = 15*m**3 - 7*m**2 - 2. Let j(f) = 7*f**3 - 3*f**2 - 1. Let z(v) = 7*j(v) - 3*r(v). Suppose -3*d - 2*w = 2*w - 5, 3*d = 4*w - 11. Give z(d).
-5
Let m(z) = z - 1. Let i(q) = -q - 5. Let w be i(0). Let p be (-3)/5 + 2/w. Let v(h) = -h**3 + 4*h**2 + 9*h + 2. Let d(n) = p*v(n) + 5*m(n). Calculate d(5).
-2
Let z be 8 - (-27)/18*(-4)/3. Let l(v) = 3*v - 1. Calculate l(z).
17
Let n be 3*(-8)/12*-1. Let l(h) = -h + 1. Let y be l(-2). Let s(g) = g - g + g**2 - g**y - 2. What is s(n)?
-6
Let n(w) = 7*w. Suppose -h = 3 - 6. Calculate n(h).
21
Let j(v) = v**2 - 4. Let b be j(-3). Let d(p) = p + 1. Let x be d(b). Let q(m) = 5*m - 2*m - x + 2 - 5*m - m**2. Calculate q(-3).
-7
Let z(t) = 3*t - 1. Let q(y) = -2*y - 1. Let p be q(-1). Suppose o + 3*j = 3*o - p, 2*j = 5*o + 3. What is z(o)?
-4
Let y(j) = j - 6. Let l be y(8). Let t(r) = 5 - l*r + 3*r - 2 - r**2 + 0*r. Give t(0).
3
Let b(p) be the second derivative of p**5/4 - p**4/12 - p**3/6 - p**2/2 - 9*p. What is b(-1)?
-6
Suppose -2*s = -3 + 15. Let w(m) = 1 - m**3 + 6*m + 0*m**3 + 2*m**2 + 2*m**3 + 5*m**2. Give w(s).
1
Let o(z) = 2 - 9*z + 3*z - 3. Let h be 9*(2 - 21/9). Let m be (h/6)/(2/(-4)). Calculate o(m).
-7
Let l(h) = h**2 + 13*h - 14. Let d be l(-14). Let m